test common factor of 10 and z.
10
Suppose -84 = -16*c + 9*c. Let q = 5 - -2. Suppose -q = -5*a + 53. What is the greatest common divisor of a and c?
12
Let k(q) = -q**3 + 8*q**2 - 2*q - 7. Let z be k(7). What is the highest common factor of z and 70?
14
Suppose 8*i - 525 = 963. What is the highest common factor of 6 and i?
6
Let x(c) = -20*c - 5. Let l be x(-7). What is the highest common factor of 15 and l?
15
Suppose -6*n - 21 = -3*n + 3*k, 0 = -2*n - 4*k - 16. Let t be (-1)/((n/(-34))/(-3)). Calculate the highest common factor of t and 17.
17
Let z(i) = 6*i**2 + 3. Let t be z(4). Calculate the greatest common divisor of t and 11.
11
Let o = -42 - -60. Suppose -3*v = 3*u - 36, 2*v + 0*u - 4*u - 24 = 0. Calculate the greatest common factor of o and v.
6
Let w = 324 - 71. Calculate the highest common factor of 23 and w.
23
Suppose 2*s - 5*w = 22, -s + 9 = -2*w - 0*w. Suppose -n = -0*q + 5*q - 6, 3*q = 5*n - 2. Suppose -3*b + n = -2. What is the greatest common factor of b and s?
1
Let k = -77 + 89. What is the highest common factor of 12 and k?
12
Suppose -5*b + 5*p + 19 = -26, 4*b = -3*p + 15. Let z(m) = 5 - b + 17*m - 4 + 21*m. Let l be z(7). What is the highest common factor of l and 29?
29
Suppose 3*l - 665 - 754 = 0. Calculate the highest common divisor of 43 and l.
43
Let r be (0 - (1 - 2))*-7. Let f = r + 20. Let y = 25 - f. What is the greatest common divisor of 18 and y?
6
Suppose -2*n + 3*l - 23 + 62 = 0, 5*n - 4*l - 80 = 0. Calculate the greatest common factor of 12 and n.
12
Suppose -j + 304 = d - 5*d, -d = -j + 310. Suppose -5*w + j = -8. Calculate the greatest common factor of w and 16.
16
Let f(v) = 2*v**3 + 6*v**2 + 3*v + 4. Let s be f(-4). Let t be 3/(-9) - s/3. Let w be (-10)/(-3)*(43 - 4). Calculate the greatest common divisor of t and w.
13
Suppose 2*d = 6*d - 8. Let w be (-1)/((0 + d)/(-42)). Calculate the highest common factor of 3 and w.
3
Suppose -6*d + 15 = -d. Suppose 26 = 2*o - 5*w, 4*w = 2*o + d*o - 65. What is the greatest common divisor of 143 and o?
13
Let d be (-1 + 2)/(2/10). Suppose u = 6*u + d*z - 225, -270 = -5*u + 4*z. Suppose 0*o - 50 = -5*o. Calculate the greatest common divisor of o and u.
10
Suppose 0 = -5*r - 5*p - 80, 0*p = 3*r - 3*p + 36. Let u be (-4)/14 - (-1368)/r. Let b be 6/2 - (u - -2). Calculate the greatest common factor of b and 11.
11
Let s(f) = f - 3. Let v(d) = 2 + d**2 + 5 + d - 4*d. Let n(p) = 5*s(p) + 2*v(p). Let o be n(-1). What is the highest common divisor of o and 8?
2
Suppose -6 = -2*f - 0, -2*f = -5*j + 4. Suppose 0 = -j*q - 2*q + 12. Suppose q*v - 72 = -v. What is the highest common divisor of v and 90?
18
Suppose -3*b - 21 = 33. Let v be (-374)/b - 4/(-18). Suppose 3 = -u, -6 - 18 = -4*k + 4*u. What is the highest common factor of k and v?
3
Let q(r) = -35*r - 7. Let o be q(-2). Let f = -42 + o. Let k(c) = -85*c**3 + c. Let y be k(-1). What is the highest common divisor of y and f?
21
Let z = -65 + 72. Calculate the greatest common factor of 21 and z.
7
Let s(w) = 7*w - 9. Let i be s(3). Calculate the highest common divisor of 96 and i.
12
Let p = -5 - -8. Let a be (p + 3)/(2/1). What is the greatest common factor of 27 and a?
3
Suppose 0 = 10*x - 7*x - 528. Calculate the highest common divisor of x and 44.
44
Let f(b) = -10*b + 16. Let r be f(-4). Calculate the highest common divisor of r and 7.
7
Let z = -1 - -1. Suppose 4*k + 2*f - 44 = z, 0 = -5*k + k - f + 40. Calculate the highest common factor of k and 99.
9
Suppose 20 - 8 = 4*b. Let u(f) = f - 10. Let h be u(0). Let d = 25 + h. What is the highest common factor of b and d?
3
Suppose 0*y - 2*m = 2*y, m = -2. Suppose 0*c + c = -y. Let x be 40 - (0 - (-2 - c)). Calculate the highest common factor of x and 8.
8
Let m = 10 + 6. Calculate the greatest common divisor of m and 16.
16
Suppose 0 = -4*r + 3*r + 14. Suppose 5*f - 455 = -0*f. Let n = f - 63. Calculate the highest common divisor of r and n.
14
Suppose 6*z - 3 = -2*a + 3*z, 10 = 5*a + 5*z. Suppose 3*p - 2*k - 31 = 0, 2*p - p + 3*k - 3 = 0. Calculate the highest common factor of a and p.
3
Let t(q) = -14*q**3 - q**2. Let n be t(1). Let i = -21 - n. Let p(c) = -c - 2. Let u be p(i). Calculate the highest common divisor of 32 and u.
4
Let o be (-3 - -2*2)*3. Let g(n) = 2*n**2 - 2*n + 3. Let f be g(o). Suppose 3*t - 2*t = 105. What is the highest common divisor of t and f?
15
Let h = -6 - -9. Suppose h*k - k = -76. Let i be k/(-6) - 3/9. What is the greatest common factor of 30 and i?
6
Let q = 8 - 6. Let w be (-633)/(-9) + q/(-6). Calculate the greatest common factor of w and 14.
14
Let m(y) = 6*y**2 + 11*y + 18. Let q be m(-2). Let p = -3 - -2. Let x(b) = 11*b**2 + 2*b + 1. Let s be x(p). What is the greatest common factor of q and s?
10
Let n(y) be the second derivative of 0 - 7/20*y**5 + 0*y**3 + 1/2*y**2 - y - 1/6*y**4. Let k be n(-1). What is the highest common divisor of 6 and k?
6
Let f = -98 - -118. Calculate the greatest common factor of 220 and f.
20
Suppose 7*g = 2*g + 440. Suppose 3*x - 23 = 1. Calculate the greatest common factor of x and g.
8
Let z = 36 + 24. Let g be 13 - (-1 - 4/(-1)). Calculate the highest common factor of g and z.
10
Suppose 4*k - 52 + 32 = 0. Let m be (4 + -2)/(4/10). Calculate the highest common divisor of k and m.
5
Let u be -8*((-21)/6 + 3). Let m be u/10 - 69/(-15). Suppose w + 35 = 3*i, 2*i + 20 = m*i + 2*w. Calculate the greatest common factor of i and 80.
10
Let d be (0 - -1)/((-62)/(-30) - 2). What is the greatest common divisor of d and 60?
15
Let w be (2/5)/(9/450). Calculate the highest common divisor of 10 and w.
10
Suppose 3*b = 7*b - 100. What is the greatest common divisor of 125 and b?
25
Let q = 59 - 103. Let b be q*(3 + 0)/(-3). Calculate the greatest common divisor of 11 and b.
11
Let z be 4/(-6) + 122/3. Suppose -5*s = -3*w - z, -s = -2*w + 4*w + 5. Suppose h + 156 = s*h. What is the highest common factor of h and 13?
13
Let n(b) = 3*b**3 + 5*b**2 - 2*b. Let u be n(3). Let i(k) = k**3 + 8*k**2 - 11*k + 6. Let x be i(-9). What is the greatest common factor of u and x?
24
Let y(u) = -u**2 + 8*u - 2. Let v be y(5). Let d = v + -9. What is the highest common factor of 16 and d?
4
Suppose 3*b - 8 = -b. Let d = 20 + -14. Suppose -d = -u - b. What is the greatest common divisor of 44 and u?
4
Let l(z) = -z**3 + 4*z**2 + 1. Let u be l(4). Suppose 2*s + 3*k + 10 = 3*s, -11 = 4*s + 5*k. Calculate the greatest common divisor of u and s.
1
Suppose -3*t = -227 - 25. Suppose b - 2*p = -3*p + 12, -b + 3*p + 12 = 0. Calculate the highest common divisor of b and t.
12
Suppose -20 + 8 = -4*y. Suppose 0*g - 2*g - 36 = -5*t, 0 = -t + y*g + 2. What is the highest common divisor of t and 32?
8
Let h(f) = -f**3 - 10*f**2 + 9*f + 14. Let i be h(-11). Suppose 0 = -s - 4*c - 8, -5*s + 2*c + 9 + 17 = 0. What is the highest common factor of s and i?
4
Let v be ((-5)/(4 - 9))/(3/30). Calculate the highest common divisor of v and 5.
5
Let n = 0 + 1. Let z = n + 13. Calculate the highest common factor of z and 35.
7
Suppose 0 = v - 5. Let q be -1*4/12*-3. Calculate the greatest common divisor of q and v.
1
Let s(u) = -u**3 + 4*u**2 - 3*u. Let p be s(4). Let a be 2 + -1 + (-1 - p). Suppose 0*m - 3*m + 144 = 0. Calculate the greatest common factor of a and m.
12
Suppose 0 = 2*d - 8, -4*d = -3*b + 7 + 187. Let i = b - 10. Suppose 4*z - z - 45 = 0. Calculate the greatest common divisor of z and i.
15
Suppose 15 = -3*l, -2*l = -2*r + l + 105. Suppose -4*p = -p - r. Calculate the greatest common divisor of p and 30.
15
Let s = -25 + 38. What is the highest common divisor of s and 13?
13
Let r(p) = 11*p**2 - p - 2. Let d be r(2). Suppose -2*z - t + 4*t - 44 = 0, -3*z - d = 2*t. Let g = z - -25. What is the highest common divisor of 9 and g?
9
Let k be 0 - ((-10)/1 + 0). Let s(q) = -q**2 - 20*q + 15. Let x be s(-20). What is the highest common divisor of x and k?
5
Let c(y) = -y - 48. Let x be c(0). Let t be (x/(-9))/(1/18). Suppose 10 = u - 2*a, -7 = -0*u - u + 5*a. What is the greatest common divisor of t and u?
12
Let a be 1 - (616/12)/(-7)*6. What is the greatest common divisor of a and 90?
45
Let i(c) = 26*c**2 - c - 3. Let a be i(2). What is the highest common divisor of a and 9?
9
Suppose 0 = -f - 5*c + 196, 0*f - 2*c + 360 = 2*f. What is th